{"id":172,"date":"2024-12-28T11:46:30","date_gmt":"2024-12-28T10:46:30","guid":{"rendered":"https:\/\/www.insynmedia.se\/?page_id=172"},"modified":"2025-02-23T08:07:57","modified_gmt":"2025-02-23T07:07:57","slug":"om-oss","status":"publish","type":"page","link":"https:\/\/www.insynmedia.se\/","title":{"rendered":"Om InsynMedia"},"content":{"rendered":"\n<div class=\"wp-block-group alignfull has-background has-global-padding is-content-justification-center is-layout-constrained wp-container-core-group-is-layout-793783dc wp-block-group-is-layout-constrained\" style=\"background:radial-gradient(#B1C5A4 0%,#F9F9F9 100%);margin-top:0;margin-bottom:0;padding-top:var(--wp--preset--spacing--40);padding-right:var(--wp--preset--spacing--40);padding-bottom:var(--wp--preset--spacing--40);padding-left:var(--wp--preset--spacing--40)\">\n<div class=\"wp-block-columns alignwide is-layout-flex wp-container-core-columns-is-layout-1da03c2a wp-block-columns-is-layout-flex\">\n<div class=\"wp-block-column is-vertically-aligned-stretch is-layout-flow wp-block-column-is-layout-flow\" style=\"flex-basis:50%\">\n<div class=\"wp-block-group is-vertical is-content-justification-stretch is-layout-flex wp-container-core-group-is-layout-444d5ee8 wp-block-group-is-layout-flex\" style=\"min-height:100%\">\n<p class=\"has-text-align-left has-heading-font-family has-x-large-font-size\" style=\"line-height:1.2\">En personlig andlighet <\/p>\n\n\n\n<p class=\"has-medium-font-size\">InsynMedia vill lyfta fram den naturliga andligheten hos var och en. Drivkraften \u00e4r att f\u00e5 fler att uppt\u00e4cka och utveckla sin egen h\u00f6gst personliga andlighet och, om man s\u00e5 vill, \u00e4ven v\u00e4cka sin f\u00f6rm\u00e5ga till kontakt med andev\u00e4rlden, den som finns runt i kring oss, hela tiden. Och hitta sin v\u00e4g och sina verktyg f\u00f6r att uppr\u00e4tth\u00e5lla en jordn\u00e4ra andlighet, en god balans i tillvaron och kanske till och med hitta till sitt eget inre hem.<\/p>\n\n\n\n<p class=\"has-medium-font-size\">Vi vill uppmuntran till en andlighet befriad fr\u00e5n traditionella trosinriktningar och religi\u00f6sa f\u00f6rtecken och befriad fr\u00e5n alla mellanh\u00e4nder. En andlighet formad av din h\u00f6gst privata, kommunikation &#8211; direkt med din egen andev\u00e4rld.<\/p>\n<\/div>\n<\/div>\n\n\n\n<div class=\"wp-block-column is-vertically-aligned-center is-layout-flow wp-block-column-is-layout-flow\" style=\"flex-basis:50%\">\n<figure class=\"wp-block-image size-full\"><img loading=\"lazy\" decoding=\"async\" width=\"2560\" height=\"1920\" src=\"https:\/\/www.insynmedia.se\/wp-content\/uploads\/2024\/06\/Norrahammar-scaled.jpg\" alt=\"\" class=\"wp-image-26\" srcset=\"https:\/\/www.insynmedia.se\/wp-content\/uploads\/2024\/06\/Norrahammar-scaled.jpg 2560w, https:\/\/www.insynmedia.se\/wp-content\/uploads\/2024\/06\/Norrahammar-300x225.jpg 300w, https:\/\/www.insynmedia.se\/wp-content\/uploads\/2024\/06\/Norrahammar-1024x768.jpg 1024w, https:\/\/www.insynmedia.se\/wp-content\/uploads\/2024\/06\/Norrahammar-768x576.jpg 768w, https:\/\/www.insynmedia.se\/wp-content\/uploads\/2024\/06\/Norrahammar-1536x1152.jpg 1536w, https:\/\/www.insynmedia.se\/wp-content\/uploads\/2024\/06\/Norrahammar-2048x1536.jpg 2048w\" sizes=\"auto, (max-width: 2560px) 100vw, 2560px\" \/><\/figure>\n<\/div>\n<\/div>\n<\/div>\n\n\n\n<hr class=\"wp-block-separator has-alpha-channel-opacity\"\/>\n\n\n\n<div class=\"wp-block-group alignfull has-base-background-color has-background has-global-padding is-content-justification-right is-layout-constrained wp-container-core-group-is-layout-a5ef2060 wp-block-group-is-layout-constrained\" style=\"margin-top:0;margin-bottom:0;padding-top:var(--wp--preset--spacing--50);padding-right:var(--wp--preset--spacing--50);padding-bottom:var(--wp--preset--spacing--50);padding-left:var(--wp--preset--spacing--50)\">\n<div class=\"wp-block-columns alignwide is-layout-flex wp-container-core-columns-is-layout-549b0c86 wp-block-columns-is-layout-flex\">\n<div class=\"wp-block-column has-global-padding is-content-justification-left is-layout-constrained wp-container-core-column-is-layout-4f15e8fe wp-block-column-is-layout-constrained\" style=\"flex-basis:40%\">\n<figure class=\"wp-block-image alignright size-full is-resized\"><img loading=\"lazy\" decoding=\"async\" width=\"150\" height=\"200\" src=\"https:\/\/www.insynmedia.se\/wp-content\/uploads\/2024\/12\/Pion-Himla-af-Klint.jpg\" alt=\"\" class=\"wp-image-179\" style=\"width:260px;height:auto\"\/><\/figure>\n<\/div>\n\n\n\n<div class=\"wp-block-column is-layout-flow wp-container-core-column-is-layout-119bc444 wp-block-column-is-layout-flow\" style=\"flex-basis:60%\">\n<h2 class=\"wp-block-heading has-text-align-left\">Man beh\u00f6ver hitta sin egen v\u00e4g och sina egna verktyg<\/h2>\n\n\n\n<p class=\"has-text-align-left has-medium-font-size\" style=\"line-height:1.5\">Var och en oss beh\u00f6ver hitta sin egen v\u00e4g och sina verktyg f\u00f6r att utveckla en jordn\u00e4ra relation till en andlig dimension. En s\u00e5dan relation ger oss m\u00e4nniskor insikter och kunskap som vi kan anv\u00e4nda till mycket.<\/p>\n<\/div>\n<\/div>\n<\/div>\n\n\n\n<div class=\"wp-block-group alignfull has-base-background-color has-background has-global-padding is-content-justification-right is-layout-constrained wp-container-core-group-is-layout-a5ef2060 wp-block-group-is-layout-constrained\" style=\"margin-top:0;margin-bottom:0;padding-top:var(--wp--preset--spacing--50);padding-right:var(--wp--preset--spacing--50);padding-bottom:var(--wp--preset--spacing--50);padding-left:var(--wp--preset--spacing--50)\">\n<div class=\"wp-block-columns alignwide is-layout-flex wp-container-core-columns-is-layout-549b0c86 wp-block-columns-is-layout-flex\">\n<div class=\"wp-block-column is-layout-flow wp-container-core-column-is-layout-119bc444 wp-block-column-is-layout-flow\" style=\"flex-basis:60%\">\n<h2 class=\"wp-block-heading has-text-align-left\">Boktips: Ta kontakt med andev\u00e4rlden<\/h2>\n\n\n\n<p class=\"has-text-align-left has-medium-font-size\" style=\"line-height:1.5\">Det h\u00e4r \u00e4r en bok om andlighet, andev\u00e4rld och medialitet. Den beskriver hur man kan g\u00f6ra sina egna erfarenheter p\u00e5 dessa omr\u00e5den. Och baserat p\u00e5 det, forma sin egen andlighet och om man s\u00e5 vill, \u00e4ven sin medialitet. Genom det vinner man helt nya kunskaper och insikter och hittar dessutom en enkel v\u00e4g till en balans i livet. (2018)<\/p>\n<\/div>\n\n\n\n<div class=\"wp-block-column has-global-padding is-content-justification-right is-layout-constrained wp-container-core-column-is-layout-3a399119 wp-block-column-is-layout-constrained\" style=\"flex-basis:40%\">\n<figure class=\"wp-block-image alignright size-full is-resized\"><img loading=\"lazy\" decoding=\"async\" width=\"600\" height=\"930\" src=\"https:\/\/www.insynmedia.se\/wp-content\/uploads\/2024\/06\/Bild-bokomslag-stort.jpg\" alt=\"\" class=\"wp-image-23\" style=\"width:260px;height:auto\" srcset=\"https:\/\/www.insynmedia.se\/wp-content\/uploads\/2024\/06\/Bild-bokomslag-stort.jpg 600w, https:\/\/www.insynmedia.se\/wp-content\/uploads\/2024\/06\/Bild-bokomslag-stort-194x300.jpg 194w\" sizes=\"auto, (max-width: 600px) 100vw, 600px\" \/><\/figure>\n<\/div>\n<\/div>\n<\/div>\n\n\n\n<p>Sidan uppdateras inte l\u00f6pande.  Vid ev fr\u00e5gor \/ synpunkter: Kontakta oss p\u00e5: insynmedia@gmail.com<\/p>\n\n\n\n<p><\/p>\n","protected":false},"excerpt":{"rendered":"<p>En personlig andlighet InsynMedia vill lyfta fram den naturliga andligheten hos var och en. Drivkraften \u00e4r att f\u00e5 fler att uppt\u00e4cka och utveckla sin egen h\u00f6gst personliga andlighet och, om man s\u00e5 vill, \u00e4ven v\u00e4cka sin f\u00f6rm\u00e5ga till kontakt med andev\u00e4rlden, den som finns runt i kring oss, hela tiden. Och hitta sin v\u00e4g och [&hellip;]<\/p>\n","protected":false},"author":1,"featured_media":0,"parent":0,"menu_order":0,"comment_status":"closed","ping_status":"closed","template":"","meta":{"footnotes":""},"class_list":["post-172","page","type-page","status-publish","hentry"],"_links":{"self":[{"href":"https:\/\/www.insynmedia.se\/index.php?rest_route=\/wp\/v2\/pages\/172","targetHints":{"allow":["GET"]}}],"collection":[{"href":"https:\/\/www.insynmedia.se\/index.php?rest_route=\/wp\/v2\/pages"}],"about":[{"href":"https:\/\/www.insynmedia.se\/index.php?rest_route=\/wp\/v2\/types\/page"}],"author":[{"embeddable":true,"href":"https:\/\/www.insynmedia.se\/index.php?rest_route=\/wp\/v2\/users\/1"}],"replies":[{"embeddable":true,"href":"https:\/\/www.insynmedia.se\/index.php?rest_route=%2Fwp%2Fv2%2Fcomments&post=172"}],"version-history":[{"count":37,"href":"https:\/\/www.insynmedia.se\/index.php?rest_route=\/wp\/v2\/pages\/172\/revisions"}],"predecessor-version":[{"id":228,"href":"https:\/\/www.insynmedia.se\/index.php?rest_route=\/wp\/v2\/pages\/172\/revisions\/228"}],"wp:attachment":[{"href":"https:\/\/www.insynmedia.se\/index.php?rest_route=%2Fwp%2Fv2%2Fmedia&parent=172"}],"curies":[{"name":"wp","href":"https:\/\/api.w.org\/{rel}","templated":true}]}}